{"id":33,"date":"2019-11-08T11:51:57","date_gmt":"2019-11-08T10:51:57","guid":{"rendered":"http:\/\/chantal-meier.ch\/?page_id=33"},"modified":"2019-11-09T08:52:50","modified_gmt":"2019-11-09T07:52:50","slug":"herzlichen-dank-meinen-sponsoren","status":"publish","type":"page","link":"https:\/\/chantal-meier.ch\/?page_id=33","title":{"rendered":"Herzlichen Dank meinen Sponsoren!"},"content":{"rendered":"\n<p>F\u00fcr das Sportschiessen braucht es nicht nur Talent und Trainingsfleiss. Nur mit der richtigen Ausr\u00fcstung lassen sich auch optimale Resultate erzielen. Das alles ist mit einigen Kosten verbunden.<\/p>\n\n\n\n<p>Ein herzliches Dankesch\u00f6n geht an alle Personen, Vereine und Firmen, welche mir meinen Sport erst m\u00f6glich machen!!!<\/p>\n\n\n\n<figure class=\"wp-block-image\"><a href=\"http:\/\/www.kasec.ch\"><img decoding=\"async\" loading=\"lazy\" width=\"362\" height=\"210\" src=\"https:\/\/chantal-meier.ch\/wp-content\/uploads\/2019\/11\/gecko.jpg\" alt=\"\" class=\"wp-image-34\" srcset=\"https:\/\/chantal-meier.ch\/wp-content\/uploads\/2019\/11\/gecko.jpg 362w, https:\/\/chantal-meier.ch\/wp-content\/uploads\/2019\/11\/gecko-300x174.jpg 300w\" sizes=\"(max-width: 362px) 100vw, 362px\" \/><\/a><\/figure>\n","protected":false},"excerpt":{"rendered":"<p>F\u00fcr das Sportschiessen braucht es nicht nur Talent und Trainingsfleiss. Nur mit der richtigen Ausr\u00fcstung lassen sich auch optimale Resultate erzielen. Das alles ist mit einigen Kosten verbunden. Ein herzliches Dankesch\u00f6n geht an alle Personen, Vereine und Firmen, welche mir meinen Sport erst m\u00f6glich machen!!!<\/p>\n","protected":false},"author":1,"featured_media":0,"parent":0,"menu_order":0,"comment_status":"closed","ping_status":"closed","template":"","meta":{"footnotes":""},"_links":{"self":[{"href":"https:\/\/chantal-meier.ch\/index.php?rest_route=\/wp\/v2\/pages\/33"}],"collection":[{"href":"https:\/\/chantal-meier.ch\/index.php?rest_route=\/wp\/v2\/pages"}],"about":[{"href":"https:\/\/chantal-meier.ch\/index.php?rest_route=\/wp\/v2\/types\/page"}],"author":[{"embeddable":true,"href":"https:\/\/chantal-meier.ch\/index.php?rest_route=\/wp\/v2\/users\/1"}],"replies":[{"embeddable":true,"href":"https:\/\/chantal-meier.ch\/index.php?rest_route=%2Fwp%2Fv2%2Fcomments&post=33"}],"version-history":[{"count":3,"href":"https:\/\/chantal-meier.ch\/index.php?rest_route=\/wp\/v2\/pages\/33\/revisions"}],"predecessor-version":[{"id":40,"href":"https:\/\/chantal-meier.ch\/index.php?rest_route=\/wp\/v2\/pages\/33\/revisions\/40"}],"wp:attachment":[{"href":"https:\/\/chantal-meier.ch\/index.php?rest_route=%2Fwp%2Fv2%2Fmedia&parent=33"}],"curies":[{"name":"wp","href":"https:\/\/api.w.org\/{rel}","templated":true}]}}